{"id":15,"date":"2016-05-31T12:47:56","date_gmt":"2016-05-31T11:47:56","guid":{"rendered":"http:\/\/chez-denis.ch\/?page_id=15"},"modified":"2025-06-12T10:34:42","modified_gmt":"2025-06-12T08:34:42","slug":"qui-suis-je","status":"publish","type":"page","link":"https:\/\/chez-denis.ch\/index.php\/qui-suis-je\/","title":{"rendered":""},"content":{"rendered":"<h1 style=\"text-align: center;\"><span style=\"color: #000000;\"><img data-recalc-dims=\"1\" loading=\"lazy\" decoding=\"async\" data-attachment-id=\"915\" data-permalink=\"https:\/\/chez-denis.ch\/cropped-p01081_logo_cd_rvb_angle-1-png\/\" data-orig-file=\"https:\/\/i0.wp.com\/chez-denis.ch\/wp-content\/uploads\/2024\/03\/cropped-P01081_logo_CD_RVB_angle-1.png?fit=829%2C833&amp;ssl=1\" data-orig-size=\"829,833\" data-comments-opened=\"1\" data-image-meta=\"{&quot;aperture&quot;:&quot;0&quot;,&quot;credit&quot;:&quot;&quot;,&quot;camera&quot;:&quot;&quot;,&quot;caption&quot;:&quot;&quot;,&quot;created_timestamp&quot;:&quot;0&quot;,&quot;copyright&quot;:&quot;&quot;,&quot;focal_length&quot;:&quot;0&quot;,&quot;iso&quot;:&quot;0&quot;,&quot;shutter_speed&quot;:&quot;0&quot;,&quot;title&quot;:&quot;&quot;,&quot;orientation&quot;:&quot;0&quot;}\" data-image-title=\"cropped-P01081_logo_CD_RVB_angle-1.png\" data-image-description=\"&lt;p&gt;https:\/\/chez-denis.ch\/wp-content\/uploads\/2024\/03\/cropped-P01081_logo_CD_RVB_angle-1.png&lt;\/p&gt;\n\" data-image-caption=\"\" data-medium-file=\"https:\/\/i0.wp.com\/chez-denis.ch\/wp-content\/uploads\/2024\/03\/cropped-P01081_logo_CD_RVB_angle-1.png?fit=300%2C300&amp;ssl=1\" data-large-file=\"https:\/\/i0.wp.com\/chez-denis.ch\/wp-content\/uploads\/2024\/03\/cropped-P01081_logo_CD_RVB_angle-1.png?fit=700%2C703&amp;ssl=1\" class=\"aligncenter wp-image-915 size-thumbnail\" src=\"https:\/\/i0.wp.com\/chez-denis.ch\/wp-content\/uploads\/2024\/03\/cropped-P01081_logo_CD_RVB_angle-1.png?resize=150%2C150&#038;ssl=1\" alt=\"\" width=\"150\" height=\"150\" srcset=\"https:\/\/i0.wp.com\/chez-denis.ch\/wp-content\/uploads\/2024\/03\/cropped-P01081_logo_CD_RVB_angle-1.png?resize=150%2C150&amp;ssl=1 150w, https:\/\/i0.wp.com\/chez-denis.ch\/wp-content\/uploads\/2024\/03\/cropped-P01081_logo_CD_RVB_angle-1.png?resize=300%2C300&amp;ssl=1 300w, https:\/\/i0.wp.com\/chez-denis.ch\/wp-content\/uploads\/2024\/03\/cropped-P01081_logo_CD_RVB_angle-1.png?resize=768%2C772&amp;ssl=1 768w, https:\/\/i0.wp.com\/chez-denis.ch\/wp-content\/uploads\/2024\/03\/cropped-P01081_logo_CD_RVB_angle-1.png?resize=600%2C603&amp;ssl=1 600w, https:\/\/i0.wp.com\/chez-denis.ch\/wp-content\/uploads\/2024\/03\/cropped-P01081_logo_CD_RVB_angle-1.png?resize=100%2C100&amp;ssl=1 100w, https:\/\/i0.wp.com\/chez-denis.ch\/wp-content\/uploads\/2024\/03\/cropped-P01081_logo_CD_RVB_angle-1.png?w=829&amp;ssl=1 829w\" sizes=\"auto, (max-width: 150px) 100vw, 150px\" \/><br \/>\n<\/span><\/h1>\n<p><span style=\"color: #8e5457;\"><strong>En d\u00e9cembre 2012<\/strong><\/span>, alors cuisinier \u00e0 la Pinte des Mossettes, Denis doit s\u2019occuper durant la coupure hivernale. Ayant travaill\u00e9 sur les march\u00e9s durant sa vie d\u2019\u00e9tudiant, son p\u00e8re lui demande d\u2019aller promouvoir ses nouvelles fondues sur les march\u00e9s. Pour agr\u00e9menter son stand, Denis d\u00e9cide de cuisiner quelques terrines et de les vendre \u00e0 la tranche.<\/p>\n<p>Ind\u00e9pendant dans l\u2019\u00e2me, Denis n\u2019a pas pu retourner en cuisine une fois le printemps arriv\u00e9, il a alors continu\u00e9 les march\u00e9s avec fromages &amp; terrines durant quelques ann\u00e9es.<\/p>\n<p>C\u2019est de ce pass\u00e9 sur les march\u00e9s que Denis tire son amour du terroir romand et de la saisonnalit\u00e9\u00a0!<\/p>\n<p><span style=\"color: #8e5457;\"><strong>En 2015<\/strong><\/span>, Denis se met en t\u00eate de faire rentrer ses terrines dans des bocaux afin de les st\u00e9riliser et leur apporter une beaucoup plus longue conservation.<\/p>\n<p>D\u00e8s ce moment, les terrines \u00ab\u00a0Chez Denis\u00a0\u00bb peuvent \u00ab\u00a0s\u2019exporter\u00a0\u00bb dans d\u2019autres commerces que son stand du march\u00e9. Si bien qu\u2019<span style=\"color: #8e5457;\"><strong>en 2017<\/strong><\/span>, la confection et la distribution de ses terrines en bocaux deviennent sa seule activit\u00e9 et qu\u2019en 2018, d\u00e9j\u00e0, une collaboratrice le rejoint.<\/p>\n<p>\u00c0 l\u2019\u00e9troit dans son ancien local de Vuadens, <span style=\"color: #8e5457;\"><strong>en 2022<\/strong><\/span>, Chez Denis d\u00e9m\u00e9nage \u00e0 Corbi\u00e8res dans des locaux flambants neufs et permettant \u00e0 Denis d\u2019enfin de d\u00e9velopper toute la gamme v\u00e9g\u00e9tale qu\u2019il avait en t\u00eate.<\/p>\n<p>Les terrines en bocaux \u00ab Chez Denis \u00bb ont f\u00eat\u00e9 dignement leur 10<sup>\u00e8me<\/sup> printemps\u00a0 au mois de mai 2025 et Denis continue \u00e0 les d\u00e9velopper en cherchant \u00e0 \u00eatre toujours plus coh\u00e9rent &amp; \u00e9thique dans sa d\u00e9marche !<\/p>\n<p><span style=\"color: #8e5457;\"><strong>Comment nous travaillons?<\/strong><\/span><\/p>\n<p style=\"text-align: justify;\"><span style=\"color: #000000;\">Denis aime profond\u00e9ment le terroir fribourgeois dans lequel il \u00e9volue. <\/span><\/p>\n<p style=\"text-align: justify;\"><span style=\"color: #000000;\">Et \u00e0 contrario de ce que ce mot laisse penser, le terroir n&rsquo;est pas fig\u00e9 dans la tradition. Selon Denis, travailler le terroir, c&rsquo;est prendre racine dans les produits et l&rsquo;histoire qui nous entourent pour grandir et \u00e9tendre de nombreuses branches qui seront autant de produits vari\u00e9s. C&rsquo;est sa perception de ce mot et ce qu&rsquo;il tente tous les jours de r\u00e9aliser au travers de ses terrines, rillettes, tartinades, pestos, \u2026\u00a0<\/span><\/p>\n<p style=\"text-align: justify;\">Si vous avez la moindre question, n&rsquo;h\u00e9sitez pas \u00e0 nous contacter !<\/p>\n<div data-test='contact-form'\n\t\t\tid='contact-form-15'\n\t\t\tclass='wp-block-jetpack-contact-form-container '\n\t\t\tdata-wp-interactive='jetpack\/form' data-wp-context='{\"formId\":\"15\",\"formHash\":\"4bf8abbe2359d99c27832c6b57c7f75182ea5326\",\"showErrors\":false,\"errors\":[],\"fields\":[],\"isMultiStep\":false,\"useAjax\":true,\"submissionData\":null,\"formattedSubmissionData\":[],\"submissionSuccess\":false,\"submissionError\":null,\"elementId\":\"jp-form-4bf8abbe2359d99c27832c6b57c7f75182ea5326\",\"isSingleInputForm\":false}'\n\t\t\tdata-wp-watch--scroll-to-wrapper=\"callbacks.scrollToWrapper\"\n\t\t>\n<div class=\"contact-form-submission contact-form-ajax-submission\" data-wp-class--submission-success=\"context.submissionSuccess\"><p class=\"go-back-message\"><a class=\"link\" role=\"button\" tabindex=\"0\" data-wp-on--click=\"actions.goBack\" href=\"\/index.php\/wp-json\/wp\/v2\/pages\/15\">Retour<\/a><\/p><h4 id=\"contact-form-success-header\">Votre message a \u00e9t\u00e9 envoy\u00e9<\/h4>\n\n<template data-wp-each--submission=\"context.formattedSubmissionData\">\n\t\t\t\t\t<div class=\"jetpack_forms_contact-form-success-summary\">\n\t\t\t\t\t\t<div class=\"field-name\" data-wp-text=\"context.submission.label\" data-wp-bind--hidden=\"!context.submission.label\"><\/div>\n\t\t\t\t\t\t<div class=\"field-value\" data-wp-text=\"context.submission.value\"><\/div>\n\t\t\t\t\t\t<div class=\"field-images\" data-wp-bind--hidden=\"!context.submission.images\">\n\t\t\t\t\t\t\t<template data-wp-each--image=\"context.submission.images\">\n\t\t\t\t\t\t\t\t<figure class=\"field-image\" data-wp-class--is-empty=\"!context.image\">\n\t\t\t\t\t\t\t\t\t<img data-wp-bind--src=\"context.image\" data-wp-bind--hidden=\"!context.image\" \/>\n\t\t\t\t\t\t\t\t\t<img decoding=\"async\" src=\"data:image\/gif;base64,R0lGODlhAQABAAD\/ACwAAAAAAQABAAACADs=\" data-wp-bind--hidden=\"context.image\" \/>\n\t\t\t\t\t\t\t\t<\/figure>\n\t\t\t\t\t\t\t<\/template>\n\t\t\t\t\t\t<\/div>\n\t\t\t\t\t<\/div>\n\t\t\t\t<\/template><\/div><form action='https:\/\/chez-denis.ch\/index.php\/qui-suis-je\/'\n\t\t\t\tid='jp-form-4bf8abbe2359d99c27832c6b57c7f75182ea5326'\n\t\t\t\tmethod='post'\n\t\t\t\tclass='contact-form commentsblock' \n\t\t\t\tdata-wp-on--submit=\"actions.onFormSubmit\"\n\t\t\t\tdata-wp-on--reset=\"actions.onFormReset\"\n\t\t\t\tdata-wp-class--submission-success=\"context.submissionSuccess\"\n\t\t\t\tdata-wp-class--is-first-step=\"state.isFirstStep\"\n\t\t\t\tdata-wp-class--is-last-step=\"state.isLastStep\"\n\t\t\t\tdata-wp-class--is-ajax-form=\"context.useAjax\"\n\t\t\t\tnovalidate >\n<input type='hidden' name='jetpack_contact_form_jwt' value='eyJ0eXAiOiJKV1QiLCJhbGciOiJIUzI1NiJ9.eyJlbmNyeXB0ZWRfYXR0cmlidXRlcyI6IjZVckZwZHpaTEVTZGxBeE9HZWpFTzhtNWx2bWZFUnN5KzlnTWZXUEdHZVAvMDdKblJmdnB2RjFPZHZ3VUxsS3VQUUhRZ21aQkdNc0M5MU9NaTBzekkwTGVRM3grQnJhcGptQ3liNk5WYXFVNWFRdkthRFJtbXc3Y1R4eW9QZHg0UmxLdHRaNjRIc1E2VkpXSG1NcVpOMEtHdDJvVWh0WmE3c3lrRm9ST2lma2ZPTTZmQmJEVHhzbmgzdjhQdXhmQmJuUHdZa3BmY2hHY3lmZ3NIRVBTaXphREdlMFQ4UTlEN0QxeUxSdXl6Um5qUmVJblIzT1g2T3NTYng3VjhzK0JzZEFFS3lwcEllTVlyMnZ4NVowd0RLRjRUbFJRR05LcmdwblMwemRQYlYra3MzQzJNMDdVVjVKTzh2aEE4Rmw1UDFkOWdJc3VVNlNMTGp6NEw0WmsrWjdWQ2JWQkI5bXphODZ3cktFY3phRjBwZ09CQm9vTFBFRi9hRkl1dWVRWHZxRjhkN1dmcW9HVEwvcFpsSVQxbTdPc1Vac1Q5TG1UWXpYcGd1T2R0UVdWZSs2UlJuL3lhbmI3UkRUcEdyY0h6UUJTZ1hKUkNwajBZazNSNXNsR1FkSzVpeW1HUjVha3ZleDZsaUlzMGNDcFBWdHJJcmRXOURHRXcwalM2THhyQWFOQWlUZG1vdkhQT2xpWEwrYUpJNTJwQnlHMWlzdjFsekhJU0RYQzhZdUtrR3MwZG9YUDZHcnFWWmc4RUJvZHh3ODNBU0k2bjZMeGM5NWJhR2s1dGtSL21YQ3J2NENGQkZYcWplNjZvYWpxYmhHZURXaGZDdCtYM3pUMXEvSGkrSEJZSHVjb3l5R3hWV0RrK0hQVm5ZRW4rdHpxdnJuQmNpOEZXWUJrTFFIRXN6VDBZYU51T0dDRmpjZkF0N3hwbmVFZ0FhU3VjTGgvZk0zT1V0YjFsTGRlUHNiYlB3SndUZ25PWnlxay81WXhSTmVCa0lXSHF4YmhRYTZxMzBzN0xXNUdPQzJwYVBGS1hkZTIrVklGQUNhZFBhTHlBYWVZQm5hT1lGaU1HM1ZmRVpOL0FOOENHL1RXZFlRT0FuQ0pKN2Jjdll0b0RsQlFodDBNOXRpWWhsOEltNGtIR2ZEL3NER1FIWHNwTmZNVCIsImNvbnRlbnQiOiJbY29udGFjdC1maWVsZCBsYWJlbD0nTm9tJyB0eXBlPSduYW1lJyByZXF1aXJlZD0nMScvXVtjb250YWN0LWZpZWxkIGxhYmVsPSdFLW1haWwnIHR5cGU9J2VtYWlsJyByZXF1aXJlZD0nMScvXVtjb250YWN0LWZpZWxkIGxhYmVsPSdNb3RpZicgdHlwZT0ndGV4dCcvXVtjb250YWN0LWZpZWxkIGxhYmVsPSdDb21tZW50YWlyZScgdHlwZT0ndGV4dGFyZWEnIHJlcXVpcmVkPScxJy9dIiwiaGFzaCI6IjRiZjhhYmJlMjM1OWQ5OWMyNzgzMmM2YjU3YzdmNzUxODJlYTUzMjYiLCJzb3VyY2UiOnsiZW50cnlfdGl0bGUiOiIiLCJlbnRyeV9wYWdlIjoxLCJzb3VyY2VfaWQiOjE1LCJzb3VyY2VfdHlwZSI6InNpbmdsZSIsInJlcXVlc3RfdXJsIjoiaHR0cHM6Ly9jaGV6LWRlbmlzLmNoL3dwLWpzb24vd3AvdjIvcGFnZXMvMTUifSwidmVyc2lvbiI6MiwiY2lwaGVyIjoiYWVzLTI1Ni1nY20ifQ.Ld5XZdzhaYf_0bc74IKnjdhJ8XGp5hrd0LlYe0O5EgY' \/>\n\n<div style=\"\"  data-wp-interactive=\"jetpack\/form\" data-wp-context='{\"fieldId\":\"g15-nom\",\"fieldType\":\"name\",\"fieldLabel\":\"Nom\",\"fieldValue\":\"\",\"fieldPlaceholder\":\"\",\"fieldIsRequired\":\"1\",\"fieldErrorMessage\":\"\",\"fieldExtra\":[],\"formHash\":\"4bf8abbe2359d99c27832c6b57c7f75182ea5326\"}'  class='grunion-field-name-wrap grunion-field-wrap'  data-wp-init='callbacks.initializeField' data-wp-on--jetpack-form-reset='callbacks.initializeField' >\n<label\n\t\t\t\tfor='g15-nom' class=\"grunion-field-label name\" >Nom<span class=\"grunion-label-required\" aria-hidden=\"true\">(obligatoire)<\/span><\/label>\n<input\n\t\t\t\t\ttype='text'\n\t\t\t\t\tname='g15-nom'\n\t\t\t\t\tid='g15-nom'\n\t\t\t\t\tvalue=''\n\n\t\t\t\t\tdata-wp-bind--aria-invalid='state.fieldHasErrors'\n\t\t\t\t\tdata-wp-bind--value='state.getFieldValue'\n\t\t\t\t\taria-errormessage='g15-nom-text-error-message'\n\t\t\t\t\tdata-wp-on--input='actions.onFieldChange'\n\t\t\t\t\tdata-wp-on--blur='actions.onFieldBlur'\n\t\t\t\t\tdata-wp-class--has-value='state.hasFieldValue'\n\n\t\t\t\t\tclass='name  grunion-field' \n\t\t\t\t\trequired='true' aria-required='true'  \/>\n \n\t\t\t<div id=\"g15-nom-text-error\" class=\"contact-form__input-error\" data-wp-class--has-errors=\"state.fieldHasErrors\">\n\t\t\t\t<span class=\"contact-form__warning-icon\">\n\t\t\t\t\t<svg width=\"16\" height=\"16\" viewBox=\"0 0 16 16\" fill=\"none\" xmlns=\"http:\/\/www.w3.org\/2000\/svg\">\n\t\t\t\t\t\t<path d=\"M8.50015 11.6402H7.50015V10.6402H8.50015V11.6402Z\" \/>\n\t\t\t\t\t\t<path d=\"M7.50015 9.64018H8.50015V6.30684H7.50015V9.64018Z\" \/>\n\t\t\t\t\t\t<path fill-rule=\"evenodd\" clip-rule=\"evenodd\" d=\"M6.98331 3.0947C7.42933 2.30177 8.57096 2.30177 9.01698 3.09469L13.8771 11.7349C14.3145 12.5126 13.7525 13.4735 12.8602 13.4735H3.14004C2.24774 13.4735 1.68575 12.5126 2.12321 11.7349L6.98331 3.0947ZM8.14541 3.58496C8.08169 3.47168 7.9186 3.47168 7.85488 3.58496L2.99478 12.2251C2.93229 12.3362 3.01257 12.4735 3.14004 12.4735H12.8602C12.9877 12.4735 13.068 12.3362 13.0055 12.2251L8.14541 3.58496Z\" \/>\n\t\t\t\t\t<\/svg>\n\t\t\t\t\t<span class=\"visually-hidden\">Attention<\/span>\n\t\t\t\t<\/span>\n\t\t\t\t<span data-wp-text=\"state.errorMessage\" id=\"g15-nom-text-error-message\" role=\"alert\" aria-live=\"assertive\"><\/span>\n\t\t\t<\/div> \n\t<\/div>\n\n<div style=\"\"  data-wp-interactive=\"jetpack\/form\" data-wp-context='{\"fieldId\":\"g15-email\",\"fieldType\":\"email\",\"fieldLabel\":\"E-mail\",\"fieldValue\":\"\",\"fieldPlaceholder\":\"\",\"fieldIsRequired\":\"1\",\"fieldErrorMessage\":\"\",\"fieldExtra\":[],\"formHash\":\"4bf8abbe2359d99c27832c6b57c7f75182ea5326\"}'  class='grunion-field-email-wrap grunion-field-wrap'  data-wp-init='callbacks.initializeField' data-wp-on--jetpack-form-reset='callbacks.initializeField' >\n<label\n\t\t\t\tfor='g15-email' class=\"grunion-field-label email\" >E-mail<span class=\"grunion-label-required\" aria-hidden=\"true\">(obligatoire)<\/span><\/label>\n<input\n\t\t\t\t\ttype='email'\n\t\t\t\t\tname='g15-email'\n\t\t\t\t\tid='g15-email'\n\t\t\t\t\tvalue=''\n\n\t\t\t\t\tdata-wp-bind--aria-invalid='state.fieldHasErrors'\n\t\t\t\t\tdata-wp-bind--value='state.getFieldValue'\n\t\t\t\t\taria-errormessage='g15-email-email-error-message'\n\t\t\t\t\tdata-wp-on--input='actions.onFieldChange'\n\t\t\t\t\tdata-wp-on--blur='actions.onFieldBlur'\n\t\t\t\t\tdata-wp-class--has-value='state.hasFieldValue'\n\n\t\t\t\t\tclass='email  grunion-field' \n\t\t\t\t\trequired='true' aria-required='true'  \/>\n \n\t\t\t<div id=\"g15-email-email-error\" class=\"contact-form__input-error\" data-wp-class--has-errors=\"state.fieldHasErrors\">\n\t\t\t\t<span class=\"contact-form__warning-icon\">\n\t\t\t\t\t<svg width=\"16\" height=\"16\" viewBox=\"0 0 16 16\" fill=\"none\" xmlns=\"http:\/\/www.w3.org\/2000\/svg\">\n\t\t\t\t\t\t<path d=\"M8.50015 11.6402H7.50015V10.6402H8.50015V11.6402Z\" \/>\n\t\t\t\t\t\t<path d=\"M7.50015 9.64018H8.50015V6.30684H7.50015V9.64018Z\" \/>\n\t\t\t\t\t\t<path fill-rule=\"evenodd\" clip-rule=\"evenodd\" d=\"M6.98331 3.0947C7.42933 2.30177 8.57096 2.30177 9.01698 3.09469L13.8771 11.7349C14.3145 12.5126 13.7525 13.4735 12.8602 13.4735H3.14004C2.24774 13.4735 1.68575 12.5126 2.12321 11.7349L6.98331 3.0947ZM8.14541 3.58496C8.08169 3.47168 7.9186 3.47168 7.85488 3.58496L2.99478 12.2251C2.93229 12.3362 3.01257 12.4735 3.14004 12.4735H12.8602C12.9877 12.4735 13.068 12.3362 13.0055 12.2251L8.14541 3.58496Z\" \/>\n\t\t\t\t\t<\/svg>\n\t\t\t\t\t<span class=\"visually-hidden\">Attention<\/span>\n\t\t\t\t<\/span>\n\t\t\t\t<span data-wp-text=\"state.errorMessage\" id=\"g15-email-email-error-message\" role=\"alert\" aria-live=\"assertive\"><\/span>\n\t\t\t<\/div> \n\t<\/div>\n\n<div style=\"\"  data-wp-interactive=\"jetpack\/form\" data-wp-context='{\"fieldId\":\"g15-motif\",\"fieldType\":\"text\",\"fieldLabel\":\"Motif\",\"fieldValue\":\"\",\"fieldPlaceholder\":\"\",\"fieldIsRequired\":\"\",\"fieldErrorMessage\":\"\",\"fieldExtra\":[],\"formHash\":\"4bf8abbe2359d99c27832c6b57c7f75182ea5326\"}'  class='grunion-field-text-wrap grunion-field-wrap'  data-wp-init='callbacks.initializeField' data-wp-on--jetpack-form-reset='callbacks.initializeField' >\n<label\n\t\t\t\tfor='g15-motif' class=\"grunion-field-label text\" >Motif<\/label>\n<input\n\t\t\t\t\ttype='text'\n\t\t\t\t\tname='g15-motif'\n\t\t\t\t\tid='g15-motif'\n\t\t\t\t\tvalue=''\n\n\t\t\t\t\tdata-wp-bind--aria-invalid='state.fieldHasErrors'\n\t\t\t\t\tdata-wp-bind--value='state.getFieldValue'\n\t\t\t\t\taria-errormessage='g15-motif-text-error-message'\n\t\t\t\t\tdata-wp-on--input='actions.onFieldChange'\n\t\t\t\t\tdata-wp-on--blur='actions.onFieldBlur'\n\t\t\t\t\tdata-wp-class--has-value='state.hasFieldValue'\n\n\t\t\t\t\tclass='text  grunion-field' \n\t\t\t\t\t \/>\n \n\t\t\t<div id=\"g15-motif-text-error\" class=\"contact-form__input-error\" data-wp-class--has-errors=\"state.fieldHasErrors\">\n\t\t\t\t<span class=\"contact-form__warning-icon\">\n\t\t\t\t\t<svg width=\"16\" height=\"16\" viewBox=\"0 0 16 16\" fill=\"none\" xmlns=\"http:\/\/www.w3.org\/2000\/svg\">\n\t\t\t\t\t\t<path d=\"M8.50015 11.6402H7.50015V10.6402H8.50015V11.6402Z\" \/>\n\t\t\t\t\t\t<path d=\"M7.50015 9.64018H8.50015V6.30684H7.50015V9.64018Z\" \/>\n\t\t\t\t\t\t<path fill-rule=\"evenodd\" clip-rule=\"evenodd\" d=\"M6.98331 3.0947C7.42933 2.30177 8.57096 2.30177 9.01698 3.09469L13.8771 11.7349C14.3145 12.5126 13.7525 13.4735 12.8602 13.4735H3.14004C2.24774 13.4735 1.68575 12.5126 2.12321 11.7349L6.98331 3.0947ZM8.14541 3.58496C8.08169 3.47168 7.9186 3.47168 7.85488 3.58496L2.99478 12.2251C2.93229 12.3362 3.01257 12.4735 3.14004 12.4735H12.8602C12.9877 12.4735 13.068 12.3362 13.0055 12.2251L8.14541 3.58496Z\" \/>\n\t\t\t\t\t<\/svg>\n\t\t\t\t\t<span class=\"visually-hidden\">Attention<\/span>\n\t\t\t\t<\/span>\n\t\t\t\t<span data-wp-text=\"state.errorMessage\" id=\"g15-motif-text-error-message\" role=\"alert\" aria-live=\"assertive\"><\/span>\n\t\t\t<\/div> \n\t<\/div>\n\n<div style=\"\"  data-wp-interactive=\"jetpack\/form\" data-wp-context='{\"fieldId\":\"g15-commentaire\",\"fieldType\":\"textarea\",\"fieldLabel\":\"Commentaire\",\"fieldValue\":\"\",\"fieldPlaceholder\":\"\",\"fieldIsRequired\":\"1\",\"fieldErrorMessage\":\"\",\"fieldExtra\":[],\"formHash\":\"4bf8abbe2359d99c27832c6b57c7f75182ea5326\"}'  class='grunion-field-textarea-wrap grunion-field-wrap'  data-wp-init='callbacks.initializeField' data-wp-on--jetpack-form-reset='callbacks.initializeField' >\n<label\n\t\t\t\tfor='contact-form-comment-g15-commentaire' class=\"grunion-field-label textarea\" >Commentaire<span class=\"grunion-label-required\" aria-hidden=\"true\">(obligatoire)<\/span><\/label>\n<textarea\n\t\t                style=''\n\t\t                name='g15-commentaire'\n\t\t                id='contact-form-comment-g15-commentaire'\n\t\t                rows='20'\n\t\t\t\t\t\tdata-wp-text='state.getFieldValue'\n\t\t\t\t\t\tdata-wp-on--input='actions.onFieldChange'\n\t\t\t\t\t\tdata-wp-on--blur='actions.onFieldBlur'\n\t\t\t\t\t\tdata-wp-class--has-value='state.hasFieldValue'\n\t\t\t\t\t\tdata-wp-bind--aria-invalid='state.fieldHasErrors'\n\t\t\t\t\t\taria-errormessage='g15-commentaire-textarea-error-message'\n\t\t\t\t\t\tclass='textarea  grunion-field'  required aria-required='true'><\/textarea>\n \n\t\t\t<div id=\"g15-commentaire-textarea-error\" class=\"contact-form__input-error\" data-wp-class--has-errors=\"state.fieldHasErrors\">\n\t\t\t\t<span class=\"contact-form__warning-icon\">\n\t\t\t\t\t<svg width=\"16\" height=\"16\" viewBox=\"0 0 16 16\" fill=\"none\" xmlns=\"http:\/\/www.w3.org\/2000\/svg\">\n\t\t\t\t\t\t<path d=\"M8.50015 11.6402H7.50015V10.6402H8.50015V11.6402Z\" \/>\n\t\t\t\t\t\t<path d=\"M7.50015 9.64018H8.50015V6.30684H7.50015V9.64018Z\" \/>\n\t\t\t\t\t\t<path fill-rule=\"evenodd\" clip-rule=\"evenodd\" d=\"M6.98331 3.0947C7.42933 2.30177 8.57096 2.30177 9.01698 3.09469L13.8771 11.7349C14.3145 12.5126 13.7525 13.4735 12.8602 13.4735H3.14004C2.24774 13.4735 1.68575 12.5126 2.12321 11.7349L6.98331 3.0947ZM8.14541 3.58496C8.08169 3.47168 7.9186 3.47168 7.85488 3.58496L2.99478 12.2251C2.93229 12.3362 3.01257 12.4735 3.14004 12.4735H12.8602C12.9877 12.4735 13.068 12.3362 13.0055 12.2251L8.14541 3.58496Z\" \/>\n\t\t\t\t\t<\/svg>\n\t\t\t\t\t<span class=\"visually-hidden\">Attention<\/span>\n\t\t\t\t<\/span>\n\t\t\t\t<span data-wp-text=\"state.errorMessage\" id=\"g15-commentaire-textarea-error-message\" role=\"alert\" aria-live=\"assertive\"><\/span>\n\t\t\t<\/div>\n\t<\/div>\n\t<p class='contact-submit'>\n<div class=\"contact-form__error\" data-wp-class--show-errors=\"state.showFormErrors\"><span class=\"contact-form__warning-icon\"><span class=\"visually-hidden\">Attention.<\/span><i aria-hidden=\"true\"><\/i><\/span>\n\t\t\t\t<span data-wp-text=\"state.getFormErrorMessage\"><\/span>\n\t\t\t\t<ul>\n\t\t\t\t<template data-wp-each=\"state.getErrorList\" data-wp-key=\"context.item.id\">\n\t\t\t\t\t<li><a data-wp-bind--href=\"context.item.anchor\" data-wp-on--click=\"actions.scrollIntoView\" data-wp-text=\"context.item.label\"><\/a><\/li>\n\t\t\t\t<\/template>\n\t\t\t\t<\/ul><\/div><div class=\"contact-form__error\" data-wp-class--show-errors=\"state.showSubmissionError\" data-wp-text=\"context.submissionError\"><\/div>\t\t<button type='submit' class='pushbutton-wide'>Envoyer<\/button>\t\t<input type='hidden' name='contact-form-id' value='15' \/>\n\t\t<input type='hidden' name='action' value='grunion-contact-form' \/>\n\t\t<input type='hidden' name='contact-form-hash' value='4bf8abbe2359d99c27832c6b57c7f75182ea5326' \/>\n\t<\/p>\n<p style=\"display: none !important;\" class=\"akismet-fields-container\" data-prefix=\"ak_\"><label>&#916;<textarea name=\"ak_hp_textarea\" cols=\"45\" rows=\"8\" maxlength=\"100\"><\/textarea><\/label><input type=\"hidden\" id=\"ak_js_1\" name=\"ak_js\" value=\"75\"\/><script type=\"text\/javascript\">\n\/* <![CDATA[ *\/\ndocument.getElementById( \"ak_js_1\" ).setAttribute( \"value\", ( new Date() ).getTime() );\n\/* ]]> *\/\n<\/script>\n<\/p><\/form>\n<\/div>\n","protected":false},"excerpt":{"rendered":"<p>En d\u00e9cembre 2012, alors cuisinier \u00e0 la Pinte des Mossettes, Denis doit s\u2019occuper durant la coupure hivernale. Ayant travaill\u00e9 sur les march\u00e9s durant sa vie d\u2019\u00e9tudiant, son p\u00e8re lui demande d\u2019aller promouvoir ses nouvelles fondues sur les march\u00e9s. Pour agr\u00e9menter son stand, Denis d\u00e9cide de cuisiner quelques terrines et de les vendre \u00e0 la tranche. &#8230; <span class=\"more\"><a class=\"more-link\" href=\"https:\/\/chez-denis.ch\/index.php\/qui-suis-je\/\">[Lire la suite&#8230;]<\/a><\/span><\/p>\n","protected":false},"author":1,"featured_media":0,"parent":0,"menu_order":0,"comment_status":"closed","ping_status":"closed","template":"","meta":{"jetpack_post_was_ever_published":false,"footnotes":""},"class_list":["entry","page","publish","author-admin8600","post-15"],"jetpack_sharing_enabled":true,"jetpack_shortlink":"https:\/\/wp.me\/P7C0tk-f","jetpack-related-posts":[],"_links":{"self":[{"href":"https:\/\/chez-denis.ch\/index.php\/wp-json\/wp\/v2\/pages\/15","targetHints":{"allow":["GET"]}}],"collection":[{"href":"https:\/\/chez-denis.ch\/index.php\/wp-json\/wp\/v2\/pages"}],"about":[{"href":"https:\/\/chez-denis.ch\/index.php\/wp-json\/wp\/v2\/types\/page"}],"author":[{"embeddable":true,"href":"https:\/\/chez-denis.ch\/index.php\/wp-json\/wp\/v2\/users\/1"}],"replies":[{"embeddable":true,"href":"https:\/\/chez-denis.ch\/index.php\/wp-json\/wp\/v2\/comments?post=15"}],"version-history":[{"count":18,"href":"https:\/\/chez-denis.ch\/index.php\/wp-json\/wp\/v2\/pages\/15\/revisions"}],"predecessor-version":[{"id":968,"href":"https:\/\/chez-denis.ch\/index.php\/wp-json\/wp\/v2\/pages\/15\/revisions\/968"}],"wp:attachment":[{"href":"https:\/\/chez-denis.ch\/index.php\/wp-json\/wp\/v2\/media?parent=15"}],"curies":[{"name":"wp","href":"https:\/\/api.w.org\/{rel}","templated":true}]}}